red thousands digit of 91338165?
3
What is the ten thousands digit of 441957881?
5
What is the thousands digit of 226977384?
7
What is the hundreds digit of 5098883372?
3
What is the ten millions digit of 3904364333?
0
What is the ten millions digit of 197383267?
9
What is the hundreds digit of 1081516074?
0
What is the tens digit of 54228830?
3
What is the units digit of 1768008728?
8
What is the millions digit of 1609735471?
9
What is the tens digit of 124028535?
3
What is the millions digit of 80356138?
0
What is the hundred thousands digit of 4640727023?
7
What is the hundred millions digit of 334757715?
3
What is the tens digit of 4175203514?
1
What is the thousands digit of 271982820?
2
What is the thousands digit of 48024587?
4
What is the hundred thousands digit of 1188320991?
3
What is the ten thousands digit of 2596454?
9
What is the tens digit of 714940?
4
What is the hundreds digit of 3947936753?
7
What is the units digit of 8139258?
8
What is the ten thousands digit of 1344565432?
6
What is the hundred thousands digit of 105640042?
6
What is the hundred millions digit of 121177062?
1
What is the ten millions digit of 5038657207?
3
What is the hundred millions digit of 656249723?
6
What is the ten thousands digit of 56322928?
2
What is the hundred millions digit of 845560586?
8
What is the hundreds digit of 703545243?
2
What is the ten millions digit of 611318422?
1
What is the ten millions digit of 357251771?
5
What is the ten thousands digit of 192207047?
0
What is the ten thousands digit of 27577412?
7
What is the ten thousands digit of 38857498?
5
What is the hundred thousands digit of 75428938?
4
What is the tens digit of 25988451?
5
What is the units digit of 152625830?
0
What is the millions digit of 1272670019?
2
What is the thousands digit of 84726855?
6
What is the units digit of 213185587?
7
What is the millions digit of 65366374?
5
What is the ten millions digit of 54689542?
5
What is the tens digit of 14723489?
8
What is the ten thousands digit of 178417520?
1
What is the hundred thousands digit of 241304997?
3
What is the ten thousands digit of 54741908?
4
What is the units digit of 1027717272?
2
What is the hundred thousands digit of 201474034?
4
What is the hundred millions digit of 1741448272?
7
What is the hundreds digit of 451599679?
6
What is the hundred thousands digit of 313772417?
7
What is the tens digit of 292338061?
6
What is the hundreds digit of 14439081?
0
What is the hundred thousands digit of 987978437?
9
What is the millions digit of 248755856?
8
What is the hundred thousands digit of 8806745?
8
What is the tens digit of 9149145?
4
What is the millions digit of 1320688924?
0
What is the ten thousands digit of 974353591?
5
What is the units digit of 490287821?
1
What is the tens digit of 313586081?
8
What is the millions digit of 53912415?
3
What is the units digit of 323114715?
5
What is the tens digit of 5068758234?
3
What is the thousands digit of 255007432?
7
What is the tens digit of 670414830?
3
What is the billions digit of 1140518279?
1
What is the ten thousands digit of 821317222?
1
What is the thousands digit of 157572465?
2
What is the hundred thousands digit of 394631649?
6
What is the hundreds digit of 686337688?
6
What is the ten thousands digit of 142517223?
1
What is the millions digit of 37069165?
7
What is the units digit of 87737555?
5
What is the hundred thousands digit of 54957123?
9
What is the hundreds digit of 77608025?
0
What is the ten thousands digit of 513501205?
0
What is the hundreds digit of 33547027?
0
What is the hundred thousands digit of 44324471?
3
What is the hundred millions digit of 151259198?
1
What is the ten millions digit of 207252607?
0
What is the hundred thousands digit of 1357947806?
9
What is the hundreds digit of 195310651?
6
What is the thousands digit of 68942406?
2
What is the hundred thousands digit of 2708077833?
0
What is the hundred millions digit of 221725439?
2
What is the millions digit of 442600237?
2
What is the tens digit of 49163879?
7
What is the tens digit of 138966967?
6
What is the millions digit of 1397103246?
7
What is the tens digit of 28655022?
2
What is the ten millions digit of 24916995?
2
What is the hundred thousands digit of 14252068?
2
What is the ten thousands digit of 70105307?
0
What is the ten thousands digit of 1842346283?
4
What is the millions digit of 312171629?
2
What is the millions digit of 17319092?
7
What is the units digit of 1139485814?
4
What is the tens digit of 27866692?
9
What is the ten millions digit of 8674586056?
7
What is the units digit of 50906524?
4
What is the millions digit of 4597573824?
7
What is the tens digit of 8529186347?
4
What is the ten millions digit of 2615138399?
1
What is the units digit of 326446313?
3
What is the ten thousands digit of 29048809?
4
What is the units digit of 19794916?
6
What is the thousands digit of 6539544396?
4
What is the tens digit of 1455235254?
5
What is the units digit of 76446647?
7
What is the hundreds digit of 6789460713?
7
What is the ten millions digit of 75804751?
7
What is the ten millions digit of 47641256?
4
What is the units digit of 842870128?
8
What is the billions digit of 1290327547?
1
What is the tens digit of 113312664?
6
What is the millions digit of 121074591?
1
What is the millions digit of 59251471?
9
What is the ten thousands digit of 191668749?
6
What is the units digit of 5774635716?
6
What is the ten thousands digit of 439371833?
7
What is the ten millions digit of 3329744988?
2
What is the hundred thousands digit of 2479227118?
2
What is the units digit of 76650102?
2
What is the thousands digit of 1099774892?
4
What is the ten thousands digit of 78243965?
4
What is the hundreds digit of 634391520?
5
What is the hundreds digit of 1576474564?
5
What is the hundreds digit of 152912914?
9
What is the ten millions digit of 186775539?
8
What is the billions digit of 1256310383?
1
What is the thousands digit of 4119626725?
6
What is the thousands digit of 75826760?
6
What is the hundred millions digit of 3674661755?
6
What is the thousands digit of 1552216673?
6
What is the thousands digit of 4542302927?
2
What is the tens digit of 130292955?
5
What is the tens digit of 101130733?
3
What is the millions digit of 163102513?
3
What is the hundred thousands digit of 366457924?
4
What is the tens digit of 666949093?
9
What is the hundreds digit of 84732712?
7
What is the ten thousands digit of 347510087?
1
What is the units digit of 176665327?
7
What is the ten thousands digit of 1213806154?
0
What is the hundred thousands digit of 600314681?
3
What is the ten thousands digit of 3027596001?
9
What is the tens digit of 1243599431?
3
What is the tens digit of 68959466?
6
What is the hundreds digit of 26192660?
6
What is the ten millions digit of 39555583?
3
What is the hundreds digit of 558158?
1
What is the billions digit of 1316267132?
1
What is the thousands digit of 18717801?
7
What is the ten millions digit of 1272163742?
7
What is the units digit of 1860773345?
5
What is the millions digit of 666865407?
6
What is the hundred thousands digit of 778946067?
9
What is the millions digit of 205075437?
5
What is the units digit of 40029493?
3
What is the units digit of 971726002?
2
What is the thousands digit of 4168122225?
2
What is the hundreds digit of 167311666?
6
What is the tens digit of 52508811?
1
What is the units digit of 119534172?
2
What is the ten millions digit of 161155175?
6
What is the ten millions digit of 912390934?
1
What is the millions digit of 96360770?
6
What is the thousands digit of 1047813139?
3
What is the hundred thousands digit of 890670726?
6
What is the ten thousands digit of 2153057100?
5
What is the millions digit of 467718612?
7
What is the billions digit of 1827892717?
1
What is the millions digit of 138054411?
8
What is the thousands digit of 5469457?
9
What is the hundred thousands digit of 99350974?
3
What is the tens digit of 78342240?
4
What is the ten thousands digit of 300214782?
1
What is the hundred thousands digit of 309606114?
6
What is the units digit of 111344685?
5
What is the billions digit of 3388988836?
3
What is the billions digit of 2902022696?
2
What is the tens digit of 52970635?
3
Wha